{"id":42,"date":"2016-08-24T21:44:53","date_gmt":"2016-08-24T21:44:53","guid":{"rendered":"http:\/\/gruasdelgolfo.com\/gruasenveracruz\/?page_id=42"},"modified":"2022-04-25T15:25:22","modified_gmt":"2022-04-25T20:25:22","slug":"contacto","status":"publish","type":"page","link":"http:\/\/gruasdelgolfo.com\/gruasenveracruz\/contacto\/","title":{"rendered":"Contacto"},"content":{"rendered":"\n<h1 class=\"wp-block-heading\"><img loading=\"lazy\" decoding=\"async\" class=\"alignnone size-full wp-image-43\" src=\"https:\/\/i0.wp.com\/gruasdelgolfo.com\/gruasenveracruz\/wp-content\/uploads\/2016\/08\/contacto.png?resize=840%2C263\" alt=\"contacto_Gr\u00faas del Golfo\" width=\"840\" height=\"263\" srcset=\"https:\/\/i0.wp.com\/gruasdelgolfo.com\/gruasenveracruz\/wp-content\/uploads\/2016\/08\/contacto.png?w=1667 1667w, https:\/\/i0.wp.com\/gruasdelgolfo.com\/gruasenveracruz\/wp-content\/uploads\/2016\/08\/contacto.png?resize=300%2C94 300w, https:\/\/i0.wp.com\/gruasdelgolfo.com\/gruasenveracruz\/wp-content\/uploads\/2016\/08\/contacto.png?resize=768%2C240 768w, https:\/\/i0.wp.com\/gruasdelgolfo.com\/gruasenveracruz\/wp-content\/uploads\/2016\/08\/contacto.png?resize=1024%2C320 1024w\" sizes=\"(max-width: 840px) 100vw, 840px\" data-recalc-dims=\"1\" \/><\/h1>\n\n\n\n<h1 class=\"has-black-color has-text-color wp-block-heading\"><span style=\"font-size: 36pt; color: #993300;\"><span style=\"color:#000000\" class=\"tadv-color\">\u00a1Ll\u00e1manos<\/span><\/span>!<\/h1>\n\n\n\n<p class=\"has-text-align-center has-black-color has-text-color\"><span style=\"font-size: 18pt;\"><strong><span style=\"color: #993300;\"><span style=\"color:#000000\" class=\"tadv-color\">Ponemos a tu disposici\u00f3n diferentes medios para que nos contactes ya sea por medio de <a style=\"color: #993300;\" href=\"https:\/\/www.facebook.com\/GdelGolfo\">Facebook<\/a>, <a style=\"color: #993300;\" href=\"https:\/\/twitter.com\/gdel_golfo\">Twitter<\/a> adem\u00e1s de Whatsapp.<\/span><\/span><\/strong><\/span><\/p>\n\n\n\n<p class=\"has-text-align-center\"><span style=\"font-size: 18pt;\"><span style=\"color: #993300;\"><span style=\"color:#000000\" class=\"tadv-color\">Puedes enviarnos en el siguiente formulario tus comentarios o dudas. Y en breve nuestro equipo se comunicar\u00e1 contigo.<\/span><\/span><\/span><strong><span style=\"color: #993300;\"><br><\/span><\/strong><\/p>\n\n\n\n<p class=\"has-text-align-center\"><span style=\"font-size: 18pt;\"><span style=\"color: #993300;\"><span style=\"color:#000000\" class=\"tadv-color\">Gr\u00faas del Golfo es una empresa que se ha comprometido con cada uno de sus clientes. Hemos comprendido que la mejor manera de crecer como empresa es aprender de cada experiencia y comentario de nuestros clientes.<\/span><\/span><\/span><\/p>\n\n\n\n<p class=\"has-text-align-center\"><span style=\"color: #993300;\"><span style=\"font-size: 18pt;\"><span style=\"color:#000000\" class=\"tadv-color\">Por ello cualquier comentario que nos hagan llegar es bien recibido.<\/span><\/span><\/span><strong><span style=\"color: #993300;\"><br><\/span><\/strong><\/p>\n\n\n<div class=\"forminator-ui forminator-custom-form forminator-custom-form-447 forminator-design--material  forminator_ajax\" data-forminator-render=\"0\" data-form=\"forminator-module-447\"><br\/><\/div><form\n\t\t\t\tid=\"forminator-module-447\"\n\t\t\t\tclass=\"forminator-ui forminator-custom-form forminator-custom-form-447 forminator-design--material  forminator_ajax\"\n\t\t\t\tmethod=\"post\"\n\t\t\t\tdata-forminator-render=\"0\"\n\t\t\t\tdata-form-id=\"447\"\n\t\t\t\t\n\t\t\t\tdata-design=\"material\"\n\t\t\t\t\n\t\t\t\t\n\t\t\t\t\n\t\t\t\tdata-grid=\"open\"\n\t\t\t\t\n\t\t\t\t\n\t\t\t\tstyle=\"display: none;\"\n\t\t\t><div class=\"forminator-response-message forminator-error\" aria-hidden=\"true\"><\/div><div class=\"forminator-row\"><div id=\"name-1\" class=\"forminator-col forminator-col-12 \"><div class=\"forminator-field\"><label for=\"forminator-field-name-1\" class=\"forminator-label\">Nombre <span class=\"forminator-required\">*<\/span><\/label><input type=\"text\" name=\"name-1\" value=\"\" placeholder=\"Ejemplo: Juan\" id=\"forminator-field-name-1\" class=\"forminator-input forminator-name--field\" aria-required=\"true\" \/><\/div><\/div><\/div><div class=\"forminator-row\"><div id=\"email-1\" class=\"forminator-col forminator-col-12 \"><div class=\"forminator-field\"><label for=\"forminator-field-email-1\" class=\"forminator-label\">Correo electr\u00f3nico <span class=\"forminator-required\">*<\/span><\/label><input type=\"email\" name=\"email-1\" value=\"\" placeholder=\"Ej . : john@doe.com\" id=\"forminator-field-email-1\" class=\"forminator-input forminator-email--field\" data-required=\"true\" aria-required=\"true\" \/><\/div><\/div><\/div><div class=\"forminator-row\"><div id=\"phone-1\" class=\"forminator-col forminator-col-12 \"><div class=\"forminator-field\"><label for=\"forminator-field-phone-1\" class=\"forminator-label\">N\u00famero de tel\u00e9fono <span class=\"forminator-required\">*<\/span><\/label><input type=\"text\" name=\"phone-1\" value=\"\" placeholder=\"Ejemplo: +1 3004005000\" id=\"forminator-field-phone-1\" class=\"forminator-input forminator-field--phone\" data-required=\"1\" aria-required=\"true\" autocomplete=\"off\" data-national_mode=\"enabled\" data-country=\"MX\" data-validation=\"standard\" \/><\/div><\/div><\/div><div class=\"forminator-row\"><div id=\"textarea-1\" class=\"forminator-col forminator-col-12 \"><div class=\"forminator-field\"><label for=\"forminator-field-textarea-1\" class=\"forminator-label\">Mensaje<\/label><textarea name=\"textarea-1\" placeholder=\"Introduce tu mensaje...\" id=\"forminator-field-textarea-1\" class=\"forminator-textarea\" rows=\"6\" style=\"min-height:140px;\" maxlength=\"180\" ><\/textarea><span class=\"forminator-description\"><span data-limit=\"180\" data-type=\"characters\">0 \/ 180<\/span><\/span><\/div><\/div><\/div><input type=\"hidden\" name=\"referer_url\" value=\"\" \/><div class=\"forminator-row forminator-row-last\"><div class=\"forminator-col\"><div class=\"forminator-field\"><button class=\"forminator-button forminator-button-submit\"><span>Enviar mensaje<\/span><span aria-hidden=\"true\"><\/span><\/button><\/div><\/div><\/div><input type=\"hidden\" id=\"forminator_nonce\" name=\"forminator_nonce\" value=\"ddd6c5a7fc\" \/><input type=\"hidden\" name=\"_wp_http_referer\" value=\"\/gruasenveracruz\/wp-json\/wp\/v2\/pages\/42\" \/><input type=\"hidden\" name=\"form_id\" value=\"447\"><input type=\"hidden\" name=\"page_id\" value=\"42\"><input type=\"hidden\" name=\"form_type\" value=\"default\"><input type=\"hidden\" name=\"current_url\" value=\"http:\/\/gruasdelgolfo.com\/gruasenveracruz\/wp-json\/wp\/v2\/pages\/42\/\"><input type=\"hidden\" name=\"render_id\" value=\"0\"><input type=\"hidden\" name=\"action\" value=\"forminator_submit_form_custom-forms\"><\/form>\n\n\n\n<div class=\"wp-block-image\"><figure class=\"aligncenter\"><img decoding=\"async\" src=\"https:\/\/i0.wp.com\/admin.cylex.com.mx\/cylex_logo4_11616889.png?w=840&#038;ssl=1\" alt=\"CYLEX\" title=\"Gruas del Golfo\" data-recalc-dims=\"1\"\/><\/figure><\/div>\n\n\n\n<p><a href=\"https:\/\/www.cylex.com.mx\/veracruz\/gruas+del+golfo-11616889.html\" target=\"_blank\" rel=\"noopener\"><br><br><\/a><\/p>\n","protected":false},"excerpt":{"rendered":"<p>\u00a1Ll\u00e1manos! Ponemos a tu disposici\u00f3n diferentes medios para que nos contactes ya sea por medio de Facebook, Twitter adem\u00e1s de Whatsapp. Puedes enviarnos en el siguiente formulario tus comentarios o dudas. Y en breve nuestro equipo se comunicar\u00e1 contigo. Gr\u00faas del Golfo es una empresa que se ha comprometido con cada uno de sus clientes. [&hellip;]<\/p>\n","protected":false},"author":1,"featured_media":0,"parent":0,"menu_order":0,"comment_status":"closed","ping_status":"closed","template":"","meta":{"spay_email":"","footnotes":""},"jetpack_sharing_enabled":true,"jetpack_shortlink":"https:\/\/wp.me\/P7Y7NU-G","_links":{"self":[{"href":"http:\/\/gruasdelgolfo.com\/gruasenveracruz\/wp-json\/wp\/v2\/pages\/42"}],"collection":[{"href":"http:\/\/gruasdelgolfo.com\/gruasenveracruz\/wp-json\/wp\/v2\/pages"}],"about":[{"href":"http:\/\/gruasdelgolfo.com\/gruasenveracruz\/wp-json\/wp\/v2\/types\/page"}],"author":[{"embeddable":true,"href":"http:\/\/gruasdelgolfo.com\/gruasenveracruz\/wp-json\/wp\/v2\/users\/1"}],"replies":[{"embeddable":true,"href":"http:\/\/gruasdelgolfo.com\/gruasenveracruz\/wp-json\/wp\/v2\/comments?post=42"}],"version-history":[{"count":19,"href":"http:\/\/gruasdelgolfo.com\/gruasenveracruz\/wp-json\/wp\/v2\/pages\/42\/revisions"}],"predecessor-version":[{"id":449,"href":"http:\/\/gruasdelgolfo.com\/gruasenveracruz\/wp-json\/wp\/v2\/pages\/42\/revisions\/449"}],"wp:attachment":[{"href":"http:\/\/gruasdelgolfo.com\/gruasenveracruz\/wp-json\/wp\/v2\/media?parent=42"}],"curies":[{"name":"wp","href":"https:\/\/api.w.org\/{rel}","templated":true}]}}